{"id":225,"date":"2017-03-13T10:42:40","date_gmt":"2017-03-13T13:42:40","guid":{"rendered":"http:\/\/www.cafegranchelli.com\/?page_id=225"},"modified":"2024-08-27T09:02:53","modified_gmt":"2024-08-27T12:02:53","slug":"responsabilidade","status":"publish","type":"page","link":"https:\/\/www.cafegranchelli.com\/en\/responsabilidade\/","title":{"rendered":"Responsibility"},"content":{"rendered":"<p>[vc_row dt_no_mb=&#8221;no-margin&#8221; bg_color=&#8221;#ffffff&#8221;][vc_column][vc_single_image image=&#8221;267&#8243; img_size=&#8221;full&#8221;][\/vc_column][\/vc_row][vc_row dt_no_mb=&#8221;no-margin&#8221; bg_color=&#8221;#fafafa&#8221; dt_padding_top=&#8221;100&#8243; dt_padding_bottom=&#8221;100&#8243; dt_id=&#8221;about&#8221;][vc_column][vc_single_image image=&#8221;268&#8243; img_size=&#8221;full&#8221; alignment=&#8221;center&#8221;][vc_row_inner][vc_column_inner]<div class=\"dt-title-wrapper\"><h1 class=\"section-title\">GSCA - GAR\u00c7A SPECIALTY COFFEE ASSOCIATION<\/h1><\/div><div style=\"clear:both; width:100%; height:60px\"><\/div>[\/vc_column_inner][\/vc_row_inner][vc_row_inner][vc_column_inner width=&#8221;1\/2&#8243; css_animation=&#8221;bottom-to-top&#8221;][vc_column_text]<\/p>\n<p align=\"justify\">The Association of Specialty Coffee Producers of the Gar\u00e7a Region aims to bring together producers to achieve a larger scale of sales and produce a differentiated, high-quality coffee that allows certifications.<br \/>\n\u201cCoffee with ID\u201d, the association\u2019s registered trademark, will accompany all products placed on the market.<br \/>\nThe entrepreneurs are organized in the form of an association, founded on March 15, 2007, and composed of 21 farmers, 18 of whom, or 85%, are family farmers who own or operate agricultural areas that total up to 4 fiscal modules of the municipality and obtain income predominantly from agricultural and non-agricultural exploration of the explored area, using mostly the labor of their own families for their agricultural production and processing, and run their establishment or enterprise with their family. Of the remaining 3, or 17%, are medium-sized farmers. \u201cCoffee with ID\u201d is an agribusiness initiative in the region\u2019s Coffee Chain, carried out by SEBRAE-SP in partnership with local government, with the aim of promoting the integration of coffee producers, increasing their competitiveness and technical capacity to operate in the market.<br \/>\nSince 2007, the Association\u2019s members have participated in a program to improve their coffee, seeking certifications to sell a differentiated product with greater added value.<br \/>\nAfter being classified by a reputable institution, the coffee of all members will be grouped into batches and stored in a suitable and safe place to facilitate marketing.<\/p>\n<p align=\"justify\">Coffees produced by family farmers, who use good practices in the correct application of agricultural pesticides, do not employ child labor in the fields and contribute to the well-being of the community.<br \/>\nUse your \u201cCoffee with ID\u201d brand to differentiate yourself in the market, since the region has a long tradition in growing the beverage.<br \/>\nProducers participate in the Coffee with ID Certification Program, an initiative of coffee growers, educational and research institutions, the Support Service for Micro and Small Businesses of the State of S\u00e3o Paulo \u2013 SEBRAE-SP, and other agents involved in coffee farming in the Gar\u00e7a\/SP region, one of the main and pioneering coffee producing regions in Brazil.<\/p>\n<p>Seeking to offer the market specialty coffees, with responsible management and the adoption of good agricultural and managerial practices, the different links in the production chain have come together to meet the expectations of the most demanding consumer markets in the world, who seek excellent quality coffee combined with production processes with minimal environmental impact, respecting social and cultural aspects, cooperating for sustainable development.<\/p>\n<p>\u00a0[\/vc_column_text][\/vc_column_inner][vc_column_inner width=&#8221;1\/2&#8243; css_animation=&#8221;bottom-to-top&#8221;][vc_column_text]<\/p>\n<p align=\"justify\">The Caf\u00e9 com R.G. program focuses on continuous improvement.<br \/>\nThe quality assurance system will be voluntarily adopted by coffee growers and will be implemented by Certification Bodies (OCs) with international recognition in agricultural certifications that meet the requirements.<br \/>\nSEBRAE hired a consultancy firm specializing in beverage classification. In one of the tests, four producers achieved a score of 82. In other words, they proved to be coffees of the highest quality, to the surprise of the producers themselves, who had never had the opportunity to test their coffee in this way, that is, by an impartial professional who verified the quality of the drink.<\/p>\n<p align=\"justify\">The Association of Specialty Coffee Producers of the Gar\u00e7a Region \u2013 Gar\u00e7a Specialty Coffee Association, an entity with a legal personality under private law, non-profit, with temporary headquarters at Rua Ribeir\u00e3o da Gar\u00e7a, number 31, in this municipality and district of Gar\u00e7a, State of S\u00e3o Paulo, founded on March 15, 2007, with an indefinite term, is a representative body of the aforementioned community and its members.<br \/>\nThe Association brings together small and medium-sized coffee producers who have been in the business for a long time. Since the association was created and partnerships have been sought with SEBRAE, Escola Agr\u00edcola de Gar\u00e7a, Sindicato Rural de Gar\u00e7a, Prefeitura Municipal de Gar\u00e7a, and CATI Casa da Agricultura de Gar\u00e7a, they have been able to improve the quality of their products and the management of their properties. This process began in 2007. The first step was to organize the producers into an association. During this period, through training with an agricultural engineer provided in partnership with SEBRAE, they are preparing to obtain certification, such as Fairtrade. In 2011, the members participated in a two-day event in the city of Bauru, where they were introduced to the concepts of this type of trade and 4c Coffee (the project aims to increase the supply of green coffee produced with sustainability criteria).<\/p>\n<p>[\/vc_column_text][\/vc_column_inner][\/vc_row_inner][vc_row_inner][vc_column_inner][vc_separator][\/vc_column_inner][\/vc_row_inner][\/vc_column][\/vc_row][vc_row dt_no_mb=&#8221;no-margin&#8221; bg_color=&#8221;#ffffff&#8221;][vc_column]<div class=\"map-wrapper\" id=\"delicious_map_ehy\" data-token=\"rgDAr\"><a class=\"button-map close-map\"><span>Locate us on Map<\/span><\/a><div id=\"google_map_ehy\"><\/div><\/div>[\/vc_column][\/vc_row]<\/p>","protected":false},"excerpt":{"rendered":"<p>[vc_row dt_no_mb=&#8221;no-margin&#8221; bg_color=&#8221;#ffffff&#8221;][vc_column][vc_single_image image=&#8221;267&#8243; img_size=&#8221;full&#8221;][\/vc_column][\/vc_row][vc_row dt_no_mb=&#8221;no-margin&#8221; bg_color=&#8221;#fafafa&#8221; dt_padding_top=&#8221;100&#8243; dt_padding_bottom=&#8221;100&#8243; dt_id=&#8221;about&#8221;][vc_column][vc_single_image image=&#8221;268&#8243; img_size=&#8221;full&#8221; alignment=&#8221;center&#8221;][vc_row_inner][vc_column_inner][\/vc_column_inner][\/vc_row_inner][vc_row_inner][vc_column_inner width=&#8221;1\/2&#8243; css_animation=&#8221;bottom-to-top&#8221;][vc_column_text] The Association of Specialty Coffee Producers of the Gar\u00e7a Region&#8230;<\/p>\n<p class=\"readmore\"><a class=\"more-btn\" href=\"https:\/\/www.cafegranchelli.com\/en\/responsabilidade\/\">Read More<\/a><\/p>\n","protected":false},"author":1,"featured_media":0,"parent":0,"menu_order":0,"comment_status":"closed","ping_status":"closed","template":"template-homepage.php","meta":{"footnotes":""},"_links":{"self":[{"href":"https:\/\/www.cafegranchelli.com\/en\/wp-json\/wp\/v2\/pages\/225"}],"collection":[{"href":"https:\/\/www.cafegranchelli.com\/en\/wp-json\/wp\/v2\/pages"}],"about":[{"href":"https:\/\/www.cafegranchelli.com\/en\/wp-json\/wp\/v2\/types\/page"}],"author":[{"embeddable":true,"href":"https:\/\/www.cafegranchelli.com\/en\/wp-json\/wp\/v2\/users\/1"}],"replies":[{"embeddable":true,"href":"https:\/\/www.cafegranchelli.com\/en\/wp-json\/wp\/v2\/comments?post=225"}],"version-history":[{"count":12,"href":"https:\/\/www.cafegranchelli.com\/en\/wp-json\/wp\/v2\/pages\/225\/revisions"}],"predecessor-version":[{"id":900,"href":"https:\/\/www.cafegranchelli.com\/en\/wp-json\/wp\/v2\/pages\/225\/revisions\/900"}],"wp:attachment":[{"href":"https:\/\/www.cafegranchelli.com\/en\/wp-json\/wp\/v2\/media?parent=225"}],"curies":[{"name":"wp","href":"https:\/\/api.w.org\/{rel}","templated":true}]}}

<p>[vc_row dt_no_mb=&#8221;no-margin&#8221; bg_color=&#8221;#ffffff&#8221;][vc_column][vc_single_image image=&#8221;267&#8243; img_size=&#8221;full&#8221;][/vc_column][/vc_row][vc_row dt_no_mb=&#8221;no-margin&#8221; bg_color=&#8221;#fafafa&#8221; dt_padding_top=&#8221;100&#8243; dt_padding_bottom=&#8221;100&#8243; dt_id=&#8221;about&#8221;][vc_column][vc_single_image image=&#8221;268&#8243; img_size=&#8221;full&#8221; alignment=&#8221;center&#8221;][vc_row_inner][vc_column_inner]<div class="dt-title-wrapper"><h1 class="section-title">GSCA - GARÇA SPECIALTY COFFEE ASSOCIATION</h1></div><div style="clear:both; width:100%; height:60px"></div>[/vc_column_inner][/vc_row_inner][vc_row_inner][vc_column_inner width=&#8221;1/2&#8243; css_animation=&#8221;bottom-to-top&#8221;][vc_column_text]</p>
<p align="justify">The Association of Specialty Coffee Producers of the Garça Region aims to bring together producers to achieve a larger scale of sales and produce a differentiated, high-quality coffee that allows certifications.<br />
“Coffee with ID”, the association’s registered trademark, will accompany all products placed on the market.<br />
The entrepreneurs are organized in the form of an association, founded on March 15, 2007, and composed of 21 farmers, 18 of whom, or 85%, are family farmers who own or operate agricultural areas that total up to 4 fiscal modules of the municipality and obtain income predominantly from agricultural and non-agricultural exploration of the explored area, using mostly the labor of their own families for their agricultural production and processing, and run their establishment or enterprise with their family. Of the remaining 3, or 17%, are medium-sized farmers. “Coffee with ID” is an agribusiness initiative in the region’s Coffee Chain, carried out by SEBRAE-SP in partnership with local government, with the aim of promoting the integration of coffee producers, increasing their competitiveness and technical capacity to operate in the market.<br />
Since 2007, the Association’s members have participated in a program to improve their coffee, seeking certifications to sell a differentiated product with greater added value.<br />
After being classified by a reputable institution, the coffee of all members will be grouped into batches and stored in a suitable and safe place to facilitate marketing.</p>
<p align="justify">Coffees produced by family farmers, who use good practices in the correct application of agricultural pesticides, do not employ child labor in the fields and contribute to the well-being of the community.<br />
Use your “Coffee with ID” brand to differentiate yourself in the market, since the region has a long tradition in growing the beverage.<br />
Producers participate in the Coffee with ID Certification Program, an initiative of coffee growers, educational and research institutions, the Support Service for Micro and Small Businesses of the State of São Paulo – SEBRAE-SP, and other agents involved in coffee farming in the Garça/SP region, one of the main and pioneering coffee producing regions in Brazil.</p>
<p>Seeking to offer the market specialty coffees, with responsible management and the adoption of good agricultural and managerial practices, the different links in the production chain have come together to meet the expectations of the most demanding consumer markets in the world, who seek excellent quality coffee combined with production processes with minimal environmental impact, respecting social and cultural aspects, cooperating for sustainable development.</p>
<p> [/vc_column_text][/vc_column_inner][vc_column_inner width=&#8221;1/2&#8243; css_animation=&#8221;bottom-to-top&#8221;][vc_column_text]</p>
<p align="justify">The Café com R.G. program focuses on continuous improvement.<br />
The quality assurance system will be voluntarily adopted by coffee growers and will be implemented by Certification Bodies (OCs) with international recognition in agricultural certifications that meet the requirements.<br />
SEBRAE hired a consultancy firm specializing in beverage classification. In one of the tests, four producers achieved a score of 82. In other words, they proved to be coffees of the highest quality, to the surprise of the producers themselves, who had never had the opportunity to test their coffee in this way, that is, by an impartial professional who verified the quality of the drink.</p>
<p align="justify">The Association of Specialty Coffee Producers of the Garça Region – Garça Specialty Coffee Association, an entity with a legal personality under private law, non-profit, with temporary headquarters at Rua Ribeirão da Garça, number 31, in this municipality and district of Garça, State of São Paulo, founded on March 15, 2007, with an indefinite term, is a representative body of the aforementioned community and its members.<br />
The Association brings together small and medium-sized coffee producers who have been in the business for a long time. Since the association was created and partnerships have been sought with SEBRAE, Escola Agrícola de Garça, Sindicato Rural de Garça, Prefeitura Municipal de Garça, and CATI Casa da Agricultura de Garça, they have been able to improve the quality of their products and the management of their properties. This process began in 2007. The first step was to organize the producers into an association. During this period, through training with an agricultural engineer provided in partnership with SEBRAE, they are preparing to obtain certification, such as Fairtrade. In 2011, the members participated in a two-day event in the city of Bauru, where they were introduced to the concepts of this type of trade and 4c Coffee (the project aims to increase the supply of green coffee produced with sustainability criteria).</p>
<p>[/vc_column_text][/vc_column_inner][/vc_row_inner][vc_row_inner][vc_column_inner][vc_separator][/vc_column_inner][/vc_row_inner][/vc_column][/vc_row][vc_row dt_no_mb=&#8221;no-margin&#8221; bg_color=&#8221;#ffffff&#8221;][vc_column]<div class="map-wrapper" id="delicious_map_ehy" data-token="rgDAr"><a class="button-map close-map"><span>Locate us on Map</span></a><div id="google_map_ehy"></div></div>[/vc_column][/vc_row]</p>

<p>[vc_row dt_no_mb=&#8221;no-margin&#8221; bg_color=&#8221;#ffffff&#8221;][vc_column][vc_single_image image=&#8221;267&#8243; img_size=&#8221;full&#8221;][/vc_column][/vc_row][vc_row dt_no_mb=&#8221;no-margin&#8221; bg_color=&#8221;#fafafa&#8221; dt_padding_top=&#8221;100&#8243; dt_padding_bottom=&#8221;100&#8243; dt_id=&#8221;about&#8221;][vc_column][vc_single_image image=&#8221;268&#8243; img_size=&#8221;full&#8221; alignment=&#8221;center&#8221;][vc_row_inner][vc_column_inner][/vc_column_inner][/vc_row_inner][vc_row_inner][vc_column_inner width=&#8221;1/2&#8243; css_animation=&#8221;bottom-to-top&#8221;][vc_column_text] The Association of Specialty Coffee Producers of the Garça Region&#8230;</p>
<p class="readmore"><a class="more-btn" href="https://www.cafegranchelli.com/en/responsabilidade/">Read More</a></p>
